1 a factor of 32056592?
True
Is 4029024 a multiple of 2?
True
Does 108 divide 2973581?
False
Does 7 divide 221167471?
True
Is 569261385 a multiple of 15?
True
Is 2662842492 a multiple of 141?
False
Is 90511052 a multiple of 92?
False
Is 22 a factor of 498157176?
True
Is 771306816 a multiple of 6209?
True
Is 54 a factor of 1665342612?
True
Does 3771 divide 87125184?
True
Does 47 divide 28957144?
False
Does 24 divide 94489924?
False
Does 740 divide 97171620?
True
Is 6008 a factor of 3015757656?
True
Is 890883480 a multiple of 7080?
True
Is 1313463121 a multiple of 189?
False
Does 48 divide 31150896?
True
Is 454801225 a multiple of 4?
False
Does 21 divide 76808774?
False
Is 53772545 a multiple of 14?
False
Is 17288150 a multiple of 43?
True
Does 587 divide 116010653?
False
Is 80757263 a multiple of 31?
True
Does 20 divide 57088680?
True
Is 5498275405 a multiple of 35?
True
Is 46088712 a multiple of 12?
True
Is 349616400 a multiple of 12?
True
Is 3628633 a multiple of 4?
False
Is 28 a factor of 1064597604?
True
Is 131 a factor of 245920165?
False
Is 163 a factor of 7934840?
True
Is 7329280 a multiple of 1636?
True
Is 606564 a multiple of 3?
True
Is 426 a factor of 18396485?
False
Does 41 divide 185830669?
False
Is 696936 a multiple of 24?
True
Is 5 a factor of 301204735?
True
Is 20 a factor of 350014680?
True
Does 72 divide 49581576?
True
Does 5 divide 42388054?
False
Does 102 divide 14996142?
True
Is 489102339 a multiple of 2342?
False
Is 128991091 a multiple of 7079?
False
Does 12 divide 47792700?
True
Is 496 a factor of 2810720400?
True
Is 1623380700 a multiple of 25?
True
Does 106 divide 298432506?
True
Is 3271440037 a multiple of 130?
False
Is 29698589 a multiple of 23?
True
Is 95 a factor of 303134764?
False
Is 76735317 a multiple of 3?
True
Does 6 divide 167576214?
True
Does 15 divide 3554793553?
False
Is 473 a factor of 28406015?
True
Is 46453360 a multiple of 252?
False
Is 242853388 a multiple of 895?
False
Is 589634199 a multiple of 441?
True
Is 276 a factor of 30897372?
True
Does 3263 divide 1746845088?
False
Is 295161332 a multiple of 26?
False
Does 7 divide 181527374?
True
Is 36 a factor of 29033154?
False
Does 977 divide 864901288?
False
Is 3483748224 a multiple of 22?
True
Is 13916020 a multiple of 226?
False
Is 188 a factor of 2621059939?
False
Is 643 a factor of 32717749?
False
Is 181 a factor of 46621256?
True
Does 25 divide 370449836?
False
Is 23922433 a multiple of 35?
False
Does 10 divide 26484000?
True
Is 232228089 even?
False
Is 51 a factor of 4272320?
False
Does 335 divide 8024490?
False
Is 6328 a factor of 1093883392?
True
Does 218 divide 50299358?
True
Is 8 a factor of 439661?
False
Does 24 divide 241223664?
True
Does 67 divide 24844940?
True
Is 1742184073 a multiple of 7?
True
Is 155954800 a multiple of 80?
True
Is 1887 a factor of 162132927?
True
Is 1934 a factor of 696562472?
False
Is 116 a factor of 1941695928?
True
Does 23 divide 121459895?
True
Is 2456111 a multiple of 313?
True
Is 1062704 a multiple of 8?
True
Is 14210936 a multiple of 166?
False
Is 804724320 a multiple of 40?
True
Is 1572250000 a multiple of 250?
True
Does 10 divide 8989292?
False
Is 39175948 a multiple of 211?
True
Is 21 a factor of 20477426?
False
Does 27 divide 9372915?
True
Does 11 divide 36764829?
False
Does 42 divide 24071075?
False
Is 213139276 a multiple of 28?
True
Is 3005625 a multiple of 175?
True
Is 499 a factor of 29599868?
False
Is 6389150 a multiple of 49?
False
Is 82156336 a multiple of 2457?
False
Is 18 a factor of 16975008?
True
Is 125994688 a multiple of 4?
True
Is 280 a factor of 3465772851?
False
Is 5585337 a multiple of 537?
True
Is 9584 a factor of 1403915215?
False
Is 345 a factor of 462734355?
True
Is 84753303 a multiple of 3?
True
Is 817156968 a multiple of 424?
True
Is 359 a factor of 1163065224?
True
Is 70 a factor of 3226014576?
False
Is 269 a factor of 1083982844?
True
Does 179 divide 82901881?
True
Is 25 a factor of 50554535?
False
Is 2155248 a multiple of 162?
True
Does 13 divide 14269255?
True
Is 9 a factor of 492888681?
True
Is 87 a factor of 1953037770?
True
Is 7 a factor of 604718?
False
Is 1531916880 a multiple of 60?
True
Is 35 a factor of 15444963?
False
Does 26 divide 7400804?
False
Does 17 divide 395019275?
False
Is 42165516 a multiple of 29?
False
Does 106 divide 160736630?
False
Is 17 a factor of 37641927?
True
Does 17 divide 157324630?
True
Does 732 divide 41686548?
False
Is 73521348 a multiple of 188?
True
Does 25 divide 75804425?
True
Is 16 a factor of 35326944?
True
Does 35 divide 2027506395?
False
Does 766 divide 48640234?
True
Does 46 divide 3409266402?
True
Is 71081065 a multiple of 384?
False
Is 3174 a factor of 860668188?
True
Is 45483727 a multiple of 31?
True
Is 370641527 a multiple of 23?
True
Is 17 a factor of 73394733?
False
Is 1451 a factor of 8584116?
True
Does 39 divide 2146989?
True
Does 616 divide 502470584?
True
Does 205 divide 90866929?
False
Is 32 a factor of 7932164?
False
Does 3 divide 42557587?
False
Is 443060992 a multiple of 76?
False
Does 297 divide 611137494?
True
Is 194 a factor of 281398164?
True
Is 10 a factor of 17223707?
False
Does 73 divide 26932547?
True
Is 705995326 a multiple of 1393?
False
Does 6877 divide 42443450?
False
Is 881387864 a multiple of 403?
False
Is 428 a factor of 64977362?
False
Is 27 a factor of 223154386?
False
Is 2532241747 a multiple of 113?
True
Is 231 a factor of 11309529?
True
Does 93 divide 77103882?
True
Is 7 a factor of 201892054?
True
Is 400 a factor of 229033600?
True
Is 7321314796 a multiple of 30?
False
Does 702 divide 85232255?
False
Is 1621216647 a multiple of 718?
False
Does 7034 divide 584581673?
False
Does 15 divide 54084780?
True
Does 68 divide 9112832184?
True
Is 4072 a factor of 116329437?
False
Does 1973 divide 637219810?
True
Is 1216520226 a multiple of 5692?
False
Is 145 a factor of 9897923?
False
Is 878582250 a multiple of 70?
True
Is 104 a factor of 223987134?
False
Does 111 divide 4611322?
False
Is 483 a factor of 118608861?
True
Is 8 a factor of 11651432?
True
Is 10 a factor of 126195375?
False
Does 30 divide 498630390?
True
Is 665 a factor of 237813016?
False
Is 61 a factor of 144319412?
True
Is 214 a factor of 1334752125?
False
Is 14 a factor of 30758196?
True
Is 9 a factor of 48215626?
False
Is 12709351 a multiple of 10?
False
Does 1880 divide 9320461?
False
Is 305 a factor of 1297359590?
True
Does 63 divide 17100894?
False
Is 5995 a factor of 217972205?
True
Is 22472598 a multiple of 362?
True
Is 30365280 a multiple of 396?
True
Is 3926 a factor of 1666159525?
False
Does 1564 divide 648635236?
False
Is 535 a factor of 12574402?
False
Is 15978699 a multiple of 10?
False
Does 59 divide 6708654?
True
Does 16 divide 3530701708?
False
Is 2504808 a multiple of 72?
True
Does 167 divide 23888885?
False
Is 111 a factor of 251174180?
False
Is 7174855 a multiple of 348?
False
Does 754 divide 57215028?
True
Is 62 a factor of 77168854?
False
Does 48 divide 9119036?
False
Does 2508 divide 154959802?
False
Is 3 a factor of 152845476?
True
Does 553 divide 3827400?
False
Does 132 divide 14377308?
True
Is 9 a factor of 888454338?
False
Is 67886758 a multiple of 982?
False
Is 27855301 a multiple of 4?
False
Is 566 a factor of 333903492?
False
Is 70004522 even?
True
Does 112 divide 150507504?
True
Does 157 divide 362219881?
True
Is 458252964 a multiple of 162?
True
Does 2842 divide 72718254?
True
Is 29 a factor of 34064473?
True
Does 440 divide 219751083?
False
Does 22 divide 169256604?
True
Does 10 divide 123699380?
True
Is 149 a factor of 4840771749?
True
Is 3375015930 a multiple of 549?
True
Does 20 divide 10761720?
True
Is 8568360 a multiple of 6?
True
Is 187358223 a multiple of 12?
False
Is 385 a factor of 15041819?
False
Is 885307969 a multiple of 90?
False
Does 5 divide 1446340?
True
Does 432 divide 108227664?
True
Does 581 divide 46454812?
False
Is 17 a factor of 38256800?
True
Is 49031537 a multiple of 63?
False
Is 65552051 a multiple of 2723?
False
Does 22 divide 1506799756?
True
Does 46 divide 74428656?
False
Is 14 a factor of 9429916?
False
Is 12 a factor of 709144796?
False
Is 20672680 a multiple of 2828?
True
Does 7409 divide 1923146721?
True
Is 951 a factor of 3652791?
True
Does 23 divide 39321852?
False
Is 185 a factor